{"id":1164,"date":"2022-03-24T22:48:06","date_gmt":"2022-03-24T21:48:06","guid":{"rendered":"https:\/\/designernolimits.com\/?page_id=1164"},"modified":"2022-03-24T22:50:03","modified_gmt":"2022-03-24T21:50:03","slug":"a-propos1","status":"publish","type":"page","link":"https:\/\/designernolimits.com\/index.php\/a-propos1\/","title":{"rendered":"A PROPOS1"},"content":{"rendered":"\t\t<div data-elementor-type=\"wp-page\" data-elementor-id=\"1164\" class=\"elementor elementor-1164\" data-elementor-post-type=\"page\">\n\t\t\t\t\t\t<section class=\"elementor-section elementor-top-section elementor-element elementor-element-16c99eab elementor-section-boxed elementor-section-height-default elementor-section-height-default\" data-id=\"16c99eab\" data-element_type=\"section\" data-e-type=\"section\" data-settings=\"{&quot;background_background&quot;:&quot;classic&quot;}\">\n\t\t\t\t\t\t<div class=\"elementor-container elementor-column-gap-default\">\n\t\t\t\t\t<div class=\"elementor-column elementor-col-50 elementor-top-column elementor-element elementor-element-873a346\" data-id=\"873a346\" data-element_type=\"column\" data-e-type=\"column\">\n\t\t\t<div class=\"elementor-widget-wrap elementor-element-populated\">\n\t\t\t\t\t\t<div class=\"elementor-element elementor-element-6626873e de_scroll_animation_no elementor-invisible elementor-widget elementor-widget-heading\" data-id=\"6626873e\" data-element_type=\"widget\" data-e-type=\"widget\" data-settings=\"{&quot;_animation&quot;:&quot;fadeInUp&quot;}\" data-widget_type=\"heading.default\">\n\t\t\t\t<div class=\"elementor-widget-container\">\n\t\t\t\t\t<h2 id=\"objectifs\" class=\"elementor-heading-title elementor-size-default\">Objectifs<\/h2>\t\t\t\t<\/div>\n\t\t\t\t<\/div>\n\t\t\t\t<div class=\"elementor-element elementor-element-f22af39 de_scroll_animation_no elementor-invisible elementor-widget elementor-widget-text-editor\" data-id=\"f22af39\" data-element_type=\"widget\" data-e-type=\"widget\" data-settings=\"{&quot;_animation&quot;:&quot;fadeInUp&quot;,&quot;_animation_delay&quot;:200}\" data-widget_type=\"text-editor.default\">\n\t\t\t\t<div class=\"elementor-widget-container\">\n\t\t\t\t\t\t\t\t\t<p><strong>Designernolimits<\/strong> est une plateforme qui traite des sujets li\u00e9s \u00e0 la <strong>cr\u00e9ation visuelle<\/strong> dans les domaines du <strong>design graphique<\/strong> (produit, management, audiovisuel, d\u2019environnement..etc)\u00a0 et <strong>management<\/strong> (patrimoine, tourisme &amp; mus\u00e9e) et du <strong>patrimoine culturel<\/strong>. Sp\u00e9cifiquement, centr\u00e9e dans <strong>l\u2019\u00e9tude et l\u2019analyse, et la critique<\/strong> des sujets sur l\u2019actualit\u00e9 du monde du design en Afrique et de part le monde.<\/p><p>\u00a0<\/p><p>La plateforme aura aussi \u00a0pour but de mieux<strong> pr\u00e9senter le projet de design<\/strong> de tout individu aspirant ou d\u00e9j\u00e0 dans la profession par l\u2019usage optimal d\u2019internet et autres produits num\u00e9riques, afin de <strong>mieux capitaliser les opportunit\u00e9s<\/strong> qui s\u2019ouvrent \u00e0 chacun<\/p>\t\t\t\t\t\t\t\t<\/div>\n\t\t\t\t<\/div>\n\t\t\t\t<section class=\"elementor-section elementor-inner-section elementor-element elementor-element-14c2b1f4 elementor-section-boxed elementor-section-height-default elementor-section-height-default elementor-invisible\" data-id=\"14c2b1f4\" data-element_type=\"section\" data-e-type=\"section\" data-settings=\"{&quot;animation&quot;:&quot;fadeInUp&quot;,&quot;animation_delay&quot;:600}\">\n\t\t\t\t\t\t<div class=\"elementor-container elementor-column-gap-default\">\n\t\t\t\t\t<div class=\"elementor-column elementor-col-50 elementor-inner-column elementor-element elementor-element-24290f5d\" data-id=\"24290f5d\" data-element_type=\"column\" data-e-type=\"column\">\n\t\t\t<div class=\"elementor-widget-wrap elementor-element-populated\">\n\t\t\t\t\t\t<div class=\"elementor-element elementor-element-58f3ee8 de_scroll_animation_no elementor-widget elementor-widget-counter\" data-id=\"58f3ee8\" data-element_type=\"widget\" data-e-type=\"widget\" data-widget_type=\"counter.default\">\n\t\t\t\t<div class=\"elementor-widget-container\">\n\t\t\t\t\t\t\t<div class=\"elementor-counter\">\n\t\t\t<div class=\"elementor-counter-title\">Articles \u00e9crits<\/div>\t\t\t<div class=\"elementor-counter-number-wrapper\">\n\t\t\t\t<span class=\"elementor-counter-number-prefix\"><\/span>\n\t\t\t\t<span class=\"elementor-counter-number\" data-duration=\"2000\" data-to-value=\"45\" data-from-value=\"0\" data-delimiter=\",\">0<\/span>\n\t\t\t\t<span class=\"elementor-counter-number-suffix\">+<\/span>\n\t\t\t<\/div>\n\t\t<\/div>\n\t\t\t\t\t\t<\/div>\n\t\t\t\t<\/div>\n\t\t\t\t\t<\/div>\n\t\t<\/div>\n\t\t\t\t<div class=\"elementor-column elementor-col-50 elementor-inner-column elementor-element elementor-element-2f1ecbc2\" data-id=\"2f1ecbc2\" data-element_type=\"column\" data-e-type=\"column\">\n\t\t\t<div class=\"elementor-widget-wrap elementor-element-populated\">\n\t\t\t\t\t\t<div class=\"elementor-element elementor-element-7a9d5475 de_scroll_animation_no elementor-widget elementor-widget-counter\" data-id=\"7a9d5475\" data-element_type=\"widget\" data-e-type=\"widget\" data-widget_type=\"counter.default\">\n\t\t\t\t<div class=\"elementor-widget-container\">\n\t\t\t\t\t\t\t<div class=\"elementor-counter\">\n\t\t\t<div class=\"elementor-counter-title\">heures de travaille<\/div>\t\t\t<div class=\"elementor-counter-number-wrapper\">\n\t\t\t\t<span class=\"elementor-counter-number-prefix\"><\/span>\n\t\t\t\t<span class=\"elementor-counter-number\" data-duration=\"2000\" data-to-value=\"1200\" data-from-value=\"0\" data-delimiter=\",\">0<\/span>\n\t\t\t\t<span class=\"elementor-counter-number-suffix\">+<\/span>\n\t\t\t<\/div>\n\t\t<\/div>\n\t\t\t\t\t\t<\/div>\n\t\t\t\t<\/div>\n\t\t\t\t\t<\/div>\n\t\t<\/div>\n\t\t\t\t\t<\/div>\n\t\t<\/section>\n\t\t\t\t\t<\/div>\n\t\t<\/div>\n\t\t\t\t<div class=\"elementor-column elementor-col-50 elementor-top-column elementor-element elementor-element-3fa0c79a\" data-id=\"3fa0c79a\" data-element_type=\"column\" data-e-type=\"column\" data-settings=\"{&quot;background_background&quot;:&quot;classic&quot;}\">\n\t\t\t<div class=\"elementor-widget-wrap elementor-element-populated\">\n\t\t\t\t\t\t<div class=\"elementor-element elementor-element-7dcae17c elementor-absolute de_scroll_animation_no elementor-invisible elementor-widget elementor-widget-image\" data-id=\"7dcae17c\" data-element_type=\"widget\" data-e-type=\"widget\" data-settings=\"{&quot;_animation&quot;:&quot;fadeIn&quot;,&quot;_animation_delay&quot;:200,&quot;_position&quot;:&quot;absolute&quot;}\" data-widget_type=\"image.default\">\n\t\t\t\t<div class=\"elementor-widget-container\">\n\t\t\t\t\t\t\t\t\t\t\t\t\t\t\t<img fetchpriority=\"high\" decoding=\"async\" width=\"1004\" height=\"946\" src=\"https:\/\/designernolimits.com\/wp-content\/uploads\/2022\/03\/dots3.png\" class=\"attachment-large size-large wp-image-1065\" alt=\"\" srcset=\"https:\/\/designernolimits.com\/wp-content\/uploads\/2022\/03\/dots3.png 1004w, https:\/\/designernolimits.com\/wp-content\/uploads\/2022\/03\/dots3-300x283.png 300w, https:\/\/designernolimits.com\/wp-content\/uploads\/2022\/03\/dots3-768x724.png 768w, https:\/\/designernolimits.com\/wp-content\/uploads\/2022\/03\/dots3-390x367.png 390w, https:\/\/designernolimits.com\/wp-content\/uploads\/2022\/03\/dots3-820x773.png 820w, https:\/\/designernolimits.com\/wp-content\/uploads\/2022\/03\/dots3-600x565.png 600w\" sizes=\"(max-width: 1004px) 100vw, 1004px\" \/>\t\t\t\t\t\t\t\t\t\t\t\t\t\t\t<\/div>\n\t\t\t\t<\/div>\n\t\t\t\t<div class=\"elementor-element elementor-element-6ea8a4b3 de_scroll_animation_no elementor-invisible elementor-widget elementor-widget-image\" data-id=\"6ea8a4b3\" data-element_type=\"widget\" data-e-type=\"widget\" data-settings=\"{&quot;_animation&quot;:&quot;fadeIn&quot;}\" data-widget_type=\"image.default\">\n\t\t\t\t<div class=\"elementor-widget-container\">\n\t\t\t\t\t\t\t\t\t\t\t\t\t\t\t<img decoding=\"async\" src=\"https:\/\/designernolimits.com\/wp-content\/uploads\/elementor\/thumbs\/young-intelligent-bearded-man-working-at-modern-lo-ZMWRQLS-pmc43z8ml7nsgngcjdlg00h0oih7t6x76ejt8eo980.jpg\" title=\"young-intelligent-bearded-man-working-at-modern-lo-ZMWRQLS.jpg\" alt=\"young-intelligent-bearded-man-working-at-modern-lo-ZMWRQLS.jpg\" \/>\t\t\t\t\t\t\t\t\t\t\t\t\t\t\t<\/div>\n\t\t\t\t<\/div>\n\t\t\t\t\t<\/div>\n\t\t<\/div>\n\t\t\t\t\t<\/div>\n\t\t<\/section>\n\t\t\t\t<\/div>\n\t\t","protected":false},"excerpt":{"rendered":"<p>Objectifs Designernolimits est une plateforme qui traite des sujets li\u00e9s \u00e0 la cr\u00e9ation visuelle dans les domaines du design graphique (produit, management, audiovisuel, d\u2019environnement..etc)\u00a0 et management (patrimoine, tourisme &amp; mus\u00e9e) et du patrimoine culturel. Sp\u00e9cifiquement, centr\u00e9e dans l\u2019\u00e9tude et l\u2019analyse, et la critique des sujets sur l\u2019actualit\u00e9 du monde du design en Afrique et de [&hellip;]<\/p>\n","protected":false},"author":2,"featured_media":0,"parent":0,"menu_order":0,"comment_status":"closed","ping_status":"closed","template":"","meta":{"om_disable_all_campaigns":false,"_monsterinsights_skip_tracking":false,"_monsterinsights_sitenote_active":false,"_monsterinsights_sitenote_note":"","_monsterinsights_sitenote_category":0,"footnotes":""},"class_list":["post-1164","page","type-page","status-publish","hentry"],"acpt":null,"aioseo_notices":[],"_links":{"self":[{"href":"https:\/\/designernolimits.com\/index.php\/wp-json\/wp\/v2\/pages\/1164","targetHints":{"allow":["GET"]}}],"collection":[{"href":"https:\/\/designernolimits.com\/index.php\/wp-json\/wp\/v2\/pages"}],"about":[{"href":"https:\/\/designernolimits.com\/index.php\/wp-json\/wp\/v2\/types\/page"}],"author":[{"embeddable":true,"href":"https:\/\/designernolimits.com\/index.php\/wp-json\/wp\/v2\/users\/2"}],"replies":[{"embeddable":true,"href":"https:\/\/designernolimits.com\/index.php\/wp-json\/wp\/v2\/comments?post=1164"}],"version-history":[{"count":10,"href":"https:\/\/designernolimits.com\/index.php\/wp-json\/wp\/v2\/pages\/1164\/revisions"}],"predecessor-version":[{"id":1202,"href":"https:\/\/designernolimits.com\/index.php\/wp-json\/wp\/v2\/pages\/1164\/revisions\/1202"}],"wp:attachment":[{"href":"https:\/\/designernolimits.com\/index.php\/wp-json\/wp\/v2\/media?parent=1164"}],"curies":[{"name":"wp","href":"https:\/\/api.w.org\/{rel}","templated":true}]}}